{"id":504,"date":"2022-04-23T15:40:24","date_gmt":"2022-04-23T13:40:24","guid":{"rendered":"https:\/\/lohalshavn.stampe-hjorth.dk\/?page_id=504"},"modified":"2022-06-01T22:24:33","modified_gmt":"2022-06-01T20:24:33","slug":"bad-toilet","status":"publish","type":"page","link":"https:\/\/lohalshavn.dk\/index.php\/bad-toilet\/","title":{"rendered":"Bad &#038; Toilet"},"content":{"rendered":"\n<div class=\"wp-block-media-text alignfull is-stacked-on-mobile is-vertically-aligned-top is-style-tw-hard-shadow\" id=\"bad-og-toilet\"><figure class=\"wp-block-media-text__media\"><img data-opt-id=2046279481  fetchpriority=\"high\" decoding=\"async\" width=\"1024\" height=\"576\" src=\"https:\/\/mlmjbfi5rhxe.i.optimole.com\/cb:8Eyi.1d8\/w:1024\/h:576\/q:mauto\/ig:avif\/https:\/\/lohalshavn.dk\/wp-content\/uploads\/2022\/05\/Banjen-2.jpg\" alt=\"\" class=\"wp-image-2598 size-full\" srcset=\"https:\/\/mlmjbfi5rhxe.i.optimole.com\/cb:8Eyi.1d8\/w:1024\/h:576\/q:mauto\/ig:avif\/https:\/\/lohalshavn.dk\/wp-content\/uploads\/2022\/05\/Banjen-2-scaled.jpg 1024w, https:\/\/mlmjbfi5rhxe.i.optimole.com\/cb:8Eyi.1d8\/w:300\/h:169\/q:mauto\/ig:avif\/https:\/\/lohalshavn.dk\/wp-content\/uploads\/2022\/05\/Banjen-2-scaled.jpg 300w, https:\/\/mlmjbfi5rhxe.i.optimole.com\/cb:8Eyi.1d8\/w:768\/h:432\/q:mauto\/ig:avif\/https:\/\/lohalshavn.dk\/wp-content\/uploads\/2022\/05\/Banjen-2-scaled.jpg 768w, https:\/\/mlmjbfi5rhxe.i.optimole.com\/cb:8Eyi.1d8\/w:1536\/h:864\/q:mauto\/ig:avif\/https:\/\/lohalshavn.dk\/wp-content\/uploads\/2022\/05\/Banjen-2-scaled.jpg 1536w, https:\/\/mlmjbfi5rhxe.i.optimole.com\/cb:8Eyi.1d8\/w:1920\/h:1080\/q:mauto\/ig:avif\/https:\/\/lohalshavn.dk\/wp-content\/uploads\/2022\/05\/Banjen-2-scaled.jpg 2048w, https:\/\/mlmjbfi5rhxe.i.optimole.com\/cb:8Eyi.1d8\/w:1568\/h:882\/q:mauto\/ig:avif\/https:\/\/lohalshavn.dk\/wp-content\/uploads\/2022\/05\/Banjen-2-scaled.jpg 1568w\" sizes=\"(max-width: 1000px) 100vw, 1000px\" \/><\/figure><div class=\"wp-block-media-text__content\">\n<p class=\"tw-text-wide\" style=\"font-size:25px\"><strong>Bad &amp; toilet er placeret i havnebygningen Banjen, i den \u00f8stlige ende af bygningen, ud mod marinaen. Koden til d\u00f8ren findes p\u00e5 kvitteringen. Bad er gratis.<\/strong><\/p>\n<\/div><\/div>\n\n\n\n<div class=\"wp-block-buttons is-content-justification-center is-layout-flex wp-container-core-buttons-is-layout-a89b3969 wp-block-buttons-is-layout-flex\">\n<div class=\"wp-block-button\"><a class=\"wp-block-button__link\" href=\"https:\/\/lohalshavn.dk\/index.php\/faceliteter\/\">tilbage<\/a><\/div>\n<\/div>\n","protected":false},"excerpt":{"rendered":"<p>Bad &amp; toilet er placeret i havnebygningen Banjen, i den \u00f8stlige ende af bygningen, ud mod marinaen. Koden til d\u00f8ren findes p\u00e5 kvitteringen. Bad er gratis.<\/p>\n","protected":false},"author":2,"featured_media":0,"parent":0,"menu_order":0,"comment_status":"closed","ping_status":"closed","template":"tw-no-title.php","meta":{"inline_featured_image":false,"two_page_speed":[],"footnotes":""},"class_list":["post-504","page","type-page","status-publish","hentry","entry"],"jetpack_sharing_enabled":true,"_links":{"self":[{"href":"https:\/\/lohalshavn.dk\/index.php\/wp-json\/wp\/v2\/pages\/504","targetHints":{"allow":["GET"]}}],"collection":[{"href":"https:\/\/lohalshavn.dk\/index.php\/wp-json\/wp\/v2\/pages"}],"about":[{"href":"https:\/\/lohalshavn.dk\/index.php\/wp-json\/wp\/v2\/types\/page"}],"author":[{"embeddable":true,"href":"https:\/\/lohalshavn.dk\/index.php\/wp-json\/wp\/v2\/users\/2"}],"replies":[{"embeddable":true,"href":"https:\/\/lohalshavn.dk\/index.php\/wp-json\/wp\/v2\/comments?post=504"}],"version-history":[{"count":0,"href":"https:\/\/lohalshavn.dk\/index.php\/wp-json\/wp\/v2\/pages\/504\/revisions"}],"wp:attachment":[{"href":"https:\/\/lohalshavn.dk\/index.php\/wp-json\/wp\/v2\/media?parent=504"}],"curies":[{"name":"wp","href":"https:\/\/api.w.org\/{rel}","templated":true}]}}